 -3*l + 5, -3*i = -5*l - 2. Suppose 4*s = 5*g + 77 + 26, 2*s + l*g = 74. Calculate the greatest common divisor of 48 and s.
16
Let s = -6 + 17. Let z = s + -3. Calculate the highest common factor of 1 and z.
1
Suppose -q + 82 - 18 = 0. Suppose 2*m + 2 = 6, 0 = -4*s - 2*m + q. What is the highest common divisor of s and 5?
5
Suppose 2*g - g + 41 = q, 3*q + 4*g = 151. Suppose -4*d - q = 27. Let u be (-1)/((-15)/d + -1). Calculate the greatest common divisor of u and 6.
6
Let f = 101 + -93. Let h(g) = g**2 + 5*g + 6. Let l be h(-7). What is the greatest common divisor of l and f?
4
Let r(q) = -9*q + 1. Let l be r(-8). Let h = 123 + l. What is the highest common factor of h and 28?
28
Let h be 54/8 + 3/12. What is the greatest common factor of h and 7?
7
Let g(m) = m - 7. Let b be g(12). Suppose -b*w = -4*l - 135, 2*w + 2*w = l + 108. What is the highest common divisor of 27 and w?
27
Let i(c) = -c**2 + 2. Let q be i(0). Suppose 2*g - q*z = -0*g + 164, -z - 313 = -4*g. Calculate the highest common divisor of 11 and g.
11
Suppose 2*o - 44 + 14 = 0. Suppose x - t = 31, -116 = -x - 3*x - 4*t. What is the highest common divisor of x and o?
15
Let a be ((1 - 1) + -3)*-5. What is the greatest common divisor of 120 and a?
15
Let a be 1/(1/(-19)*-1). Let h be 228/14*(-28)/(-8). What is the highest common divisor of h and a?
19
Suppose 48 = 4*k - k. Let m = -11 + k. Let j(q) = q**3 - 6*q - 4. Let n be j(m). What is the greatest common factor of n and 13?
13
Let a(h) = -h**2 - 3*h - 3. Let i be a(-3). Let l = 5 + i. Suppose q + 4*k = -2*q + 22, 0 = -3*q + l*k - 2. Calculate the highest common divisor of 5 and q.
1
Let z = 14 - 9. Suppose -10 = 5*v + 3*x, -2*x - 4 = v - x. What is the highest common divisor of v and z?
1
Let y = 2 + -11. Let b be (-3)/y - (-71)/3. Calculate the greatest common factor of 36 and b.
12
Suppose 0 = -5*u + 2*u + 90. Let o be u/2*(0 + 1). Suppose -6*x + x = -o, -b = -x - 3. Calculate the greatest common factor of 42 and b.
6
Let c be 2/(-5)*(4 - 14). Suppose c*u + 16 = 0, -2*w + u + u = -112. Calculate the greatest common factor of w and 13.
13
Let a(p) = -2 + 0 + 35*p - 7*p. Let i be a(2). Let y = -24 + 30. What is the greatest common divisor of i and y?
6
Let w be (10/(-25))/(1/(-5)). Let r be 1*(w + 1*-4). Let m be (r/(-3))/(6/171). What is the highest common divisor of m and 19?
19
Let y = -101 - -143. Let m(z) = -z**2 + 9*z - 4. Let f be m(7). Suppose 2*l + f = 38. What is the highest common divisor of y and l?
14
Let v(w) = -w**3 - 9*w**2 + 8*w - 13. Let n be v(-10). Suppose -n*k + 8*k = 21. Calculate the highest common divisor of k and 7.
7
Let u be (-63)/(-12) - (-1)/(-4). Suppose t - 13 = -2*c + 2*t, u*c = -t + 29. What is the highest common divisor of 6 and c?
6
Let q = -7 + 27. What is the highest common factor of q and 50?
10
Let g be 3*-1 - 0/2. Let j = 7 + g. Let d(n) = 2*n + 2. Let f be d(j). Calculate the highest common divisor of f and 70.
10
Let k = -2 - -3. Let d(s) = -k + 2*s + 17*s**2 + 2*s**2 + 0. Let c be d(1). Calculate the highest common divisor of c and 4.
4
Let r be -1*2/(-4)*2. Let s be (-1)/(-2 + r) - -2. Let y = -38 + 53. Calculate the greatest common factor of y and s.
3
Suppose -2*m = 4*a - 4, 4*a = 3*m + 4 - 0. Suppose m*u + 10 = u. Calculate the greatest common divisor of u and 4.
2
Let i = -98 + 40. Let z = i + 121. Suppose 21*d - 19*d - 18 = 0. What is the greatest common divisor of z and d?
9
Suppose 889 = 13*g - 359. Let l(o) = -o**3 + 5*o**2 + o + 7. Let m be l(5). Calculate the highest common divisor of g and m.
12
Suppose -25 = -8*s + 3*s. Suppose s*x = 47 + 38. What is the greatest common divisor of x and 17?
17
Let g be (-2)/((-2)/(-4)*-2). Let f(h) = -h**3 - 4*h**2 + 4*h - 2. Let c be f(-5). Let s be (c - g)*0 - -14. What is the highest common divisor of 154 and s?
14
Suppose 2*i - 198 = -0*i. Calculate the highest common factor of 33 and i.
33
Let g(u) = 2*u**2 - 3*u - 6. Let f be g(-4). Suppose -f = -5*m + 27. What is the highest common divisor of 91 and m?
13
Let c = -3 + 7. Suppose 2*l = c*l. Suppose s - f + l*f = 122, -s - 5*f = -116. What is the greatest common divisor of 11 and s?
11
Suppose 2*i - 3 = -1. Let z = -9 + 21. Let u be 7 - z/(1 + 3). What is the highest common factor of i and u?
1
Suppose -5*g = -2*v - 317, 6*v - v + 5 = 0. Let w = 12 + g. Calculate the greatest common divisor of 15 and w.
15
Let l = -34 + 48. Let v = l + 8. Calculate the greatest common divisor of v and 198.
22
Let r(f) = -8*f + 17. Let w be r(-13). Let t(x) = 2*x**2 + x - 4. Let s be t(-3). Calculate the greatest common factor of s and w.
11
Let x = 5 + -8. Let v be 6*1*(-2)/x. Suppose m = -v*m + 55. Calculate the highest common factor of m and 11.
11
Let r = -19 - -5. Let z be ((-2 - -2) + -1)*r. Suppose 0 = 2*q - 3*k + 2*k - 228, 0 = 5*q - 4*k - 576. What is the greatest common factor of q and z?
14
Let a(n) be the first derivative of n**2/2 - 5*n - 2. Let p be a(9). Suppose u = -4*u + 10, -p*u = 4*d - 32. Calculate the highest common factor of d and 42.
6
Let x(l) = -l**3 - l**2 + 1. Let s(a) = -18*a**3 - 5*a**2 + 4. Let u(z) = s(z) - 5*x(z). Let d be u(-1). What is the highest common divisor of d and 96?
12
Let r = 267 - 15. Suppose -5*w + w - r = 0. Let a = -45 - w. Calculate the highest common divisor of a and 6.
6
Suppose 8*r = -5*n + 3*r + 25, -5*r = -20. Let w be (-4)/(n + 9/(-6)). Suppose w = 2*t + x, x + 39 = 5*t + 5. Calculate the greatest common divisor of t and 66.
6
Suppose -83 - 141 = -2*u. Suppose 3*t = 2*b + 44, 0 = 2*t + 2*t - 5*b - 54. Calculate the greatest common divisor of t and u.
16
Let w be 6352/14 - 4/(-14). Suppose -5*i - w = 166. Let o be (-2)/(-9) + i/(-9). What is the greatest common divisor of o and 126?
14
Let p(s) = 4*s - 2. Suppose -4*m + 5 = w + 3, -3*w = -3*m - 21. Let g be p(w). Calculate the highest common factor of 66 and g.
22
Let j be (-1)/3 - 71/3. Let w = j + 66. What is the highest common factor of w and 21?
21
Let x = 40 - -16. Let k be (16/(-5))/((-14)/35). Calculate the highest common divisor of x and k.
8
Let d(c) = c**3 - 11*c**2 + 13*c - 12. Let s be d(10). Calculate the highest common divisor of s and 126.
18
Let g(w) = w**3 - 8*w**2 + w - 6. Let k be g(8). Let a be (30/(-9))/(k/(-6)). Calculate the greatest common factor of a and 40.
10
Let f = -7 + 20. Calculate the highest common factor of 143 and f.
13
Let r(y) = -9*y**2 + 11*y. Let w(t) = -t**2 + t. Let p(b) = 4*r(b) - 44*w(b). Let m be p(2). What is the highest common factor of m and 4?
4
Suppose -473 = -3*v + 4*t, 5*v - 358 = 2*t + 421. Calculate the highest common factor of v and 31.
31
Let i = 55 - 7. Suppose 4*w = 2*a + 8, 5*a = a - 5*w + 49. Let x be (-97)/(-3) - 2/a. Calculate the greatest common factor of x and i.
16
Let j = 9 + -7. Suppose -31 = j*p - 151. Suppose 72 = 2*s + s. What is the highest common factor of s and p?
12
Let y(w) = w**2 - 2*w - 2. Let m be y(-2). Calculate the highest common factor of 30 and m.
6
Let a be 9/(-3)*(-2)/3. Suppose 5*b - 30 = 5*w, 2*b + a = -w + 17. Calculate the highest common factor of 28 and b.
7
Let c(b) = 5*b - 1. Let h be c(5). Let t be (-4)/h + (-133)/(-6). Let r = t + -1. What is the greatest common factor of r and 7?
7
Let p(z) = 4*z + 20. Let i be p(16). Calculate the greatest common divisor of 12 and i.
12
Suppose -44 = -f - y, f - 168 = -3*f + 4*y. Let h = -31 + f. What is the highest common divisor of 18 and h?
6
Let i = -102 + 130. Calculate the highest common factor of i and 28.
28
Let x(w) = w + 7. Let r be x(5). Calculate the greatest common factor of 60 and r.
12
Let h(f) = -4*f**2 + 9 + f + 0*f**2 + 0*f**2 + 3*f**2. Let s be h(0). What is the highest common factor of 45 and s?
9
Let v = -4 + 9. Let r = 5 - v. Let o be (r - -3) + 12 + -1. What is the greatest common divisor of 14 and o?
14
Let f be 11/2 - (-1)/(-2). Let d = -4 + f. Let n = d - -4. What is the greatest common divisor of n and 40?
5
Let u = -22 - -61. Calculate the greatest common divisor of 13 and u.
13
Suppose -3*l + 844 = x, 5*x + 276 = l + 4*x. What is the greatest common factor of l and 40?
40
Let h be 0 + 29 + 0 + -1. Suppose 3*u = 5*k + h, 0 = u + k - 0*k + 4. Calculate the greatest common divisor of 5 and u.
1
Let l be (-1)/(3/(-6))*-1. Let c = 18 + l. Wha